uppose -w*c = c - p. Is c a prime number?
False
Let t(i) = 568*i - 47. Suppose 38*f = 34*f + 48. Is t(f) a prime number?
False
Suppose 2*v - 6*v - 6148 = 0. Let f = v + 2688. Is f prime?
True
Let o = -5 - -7. Suppose -92 = -o*w - 598. Is (w - (-2 - -3))/(-2) a composite number?
False
Suppose 2*a - a - f - 25 = 0, -4*a - 4*f = -76. Let p(i) = 2*i**2 - 31*i - 27. Is p(a) a composite number?
True
Let h(x) = -14*x**2 - x**2 + 9*x + x**3 - 24 + 2. Is h(15) prime?
True
Let q(o) = -276*o - 25. Is q(-8) a prime number?
False
Suppose 0 = u - 4*t - 12231, 5*u - 4*t - 34906 = 26281. Is u a prime number?
True
Let i(b) = -729*b + 200. Is i(-19) composite?
False
Let l(w) = -333*w + 293. Is l(-26) prime?
True
Let u = -16 - -16. Let l(k) = k**3 - k**2 + k + 406. Let b be l(u). Suppose -b = -3*f + 5*n, -2*f + 3*n = 2*f - 523. Is f a prime number?
True
Let a(p) be the third derivative of -239*p**4/24 + p**3/6 + 15*p**2. Is a(-8) a prime number?
True
Suppose 5*l = 0, f = -5*l + 5939 + 3094. Is f composite?
True
Let b(p) = -p**3 + 16*p**2 - 20*p + 96. Is b(15) a composite number?
True
Let a(d) = 4*d**3 - 21*d**2 + 52*d + 8. Is a(13) a prime number?
True
Let h = -479 + -74. Let n = h + 840. Is n a prime number?
False
Let l(h) = 37*h**2 + 5*h - 2. Let w be l(3). Suppose 5*o = o - 668. Let z = o + w. Is z prime?
True
Suppose 0 = 3*j + 15 - 33. Let u(p) = p**3 - 7*p**2 + 9*p - 15. Let q be u(j). Suppose -3*w + 466 = -b - 4*b, 467 = q*w - 4*b. Is w a prime number?
True
Is 1816 - (5 + -8)/(3/(-2)) a prime number?
False
Let d(g) be the third derivative of g**5/10 + 3*g**4/8 + 20*g**3/3 - 9*g**2. Is d(13) a composite number?
False
Is 3835 + -1 + (5 + -6 - 0) a prime number?
True
Suppose -2*u + 0*u = -8. Suppose -7*l = -u*l. Is 0 + 1 + l - -81 prime?
False
Let c(g) = 2*g - 37. Let p be c(22). Suppose p*n - 1734 = n. Is n composite?
True
Suppose 2*t + 4*f = -20, t = 3*f + 17 - 7. Let k be ((-4)/(-6))/(t/(-15)). Suppose 5*o - 25 = 0, -4*l + 441 = -2*l - k*o. Is l composite?
False
Is 6*7*(-16423)/(-66) composite?
True
Let o(z) = 52*z**2 + 11*z - 26. Let u be o(8). Let n = u + -2279. Is n prime?
False
Let t(l) = -630*l - 6. Let h be t(-7). Let u be 5/(-4)*(16 - h). Suppose 0 = 6*a - a - u. Is a a prime number?
True
Suppose -p + 4*p + 2*s = 13455, 2*s = 2*p - 8980. Is p prime?
False
Let m(y) = -4*y**3 + 3*y**2 - 5*y - 1. Let n be m(-8). Suppose 869 + n = 4*i. Is i composite?
False
Suppose 21*u - 25*u + 500 = 0. Let s = -56 + u. Is s composite?
True
Let k(t) = -t**2 - 8*t + 14. Let s(h) = 9*h - 14. Let y(j) = -5*k(j) - 4*s(j). Is y(-6) prime?
False
Let g(w) = 4578*w + 5. Let n be g(4). Suppose 0 = k - 4*q - n, 5*q - 64834 = -3*k - 9934. Is (-2)/(-9) - k/(-45) composite?
True
Let i(y) = 301*y**3 + y**2 - y + 1. Let r be i(1). Suppose 122 = 8*p - r. Is p a composite number?
False
Let m(a) = -7*a**3 - a**2 - 6*a - 8. Let k be m(-7). Let l = -1467 + k. Is l composite?
False
Suppose -o - 28*o = -15689. Is o prime?
True
Let w(b) = b. Let h(i) = 4*i - 14. Suppose 2*f + 9 = -5*s - 7, -2 = 4*s - 2*f. Let a(g) = s*w(g) + h(g). Is a(9) a composite number?
True
Let f = 1853 - 1010. Let q = -502 + f. Is q prime?
False
Let z(j) = 2*j**2 + 48*j + 40. Let h be z(-23). Let q(a) = 2 + 5 + a**2 + 2*a + 0*a**2. Is q(h) composite?
False
Suppose -3*w + 17 = 5. Suppose 3*d + 5*g = 136, -5*d = -w*g + 6*g - 252. Suppose 26 + d = 2*n. Is n a prime number?
False
Let t be ((-1)/(-3)*-1)/(2/(-14082)). Suppose 5*g - t = -2*a, -1219 = -4*g - 4*a + 649. Is g prime?
False
Let o(l) = l**3 - 7*l**2 + 2. Let z be o(7). Suppose 1 = -v + 2*a, z*v - 2*a - 9 = 3*v. Let q(h) = -h**2 - 12*h - 4. Is q(v) composite?
False
Is -6 + (-135)/(-24) - (-221515)/8 a composite number?
False
Suppose 18*u + 85052 - 22592 = 0. Let i = 6537 + u. Is i composite?
False
Suppose -4*r - 123 = -5*o + 13, 0 = -3*r - 12. Let t be ((-32)/6)/((-8)/o). Is 604/t + (-3)/4 composite?
False
Suppose 0 = -7*i + 4*i - 4188. Let k = i - -1979. Is k a prime number?
False
Let g(f) = -791*f**3 - f - 1. Let n(u) = 9 + 45*u + 0 - 47*u. Let y be n(5). Is g(y) prime?
False
Let v(q) = 2*q**2 + 21*q - 136. Is v(-19) a prime number?
False
Suppose 0*l - l - 14 = 4*r, 35 = -l + 3*r. Let x = l - -12. Is 4/(-14) - 830/x composite?
False
Suppose 15 = 3*z, 0*w + 2*z + 12202 = 4*w. Is w a prime number?
False
Suppose -4*a = a + 5, 39 = -5*r + a. Is (-1)/(r/(-508))*-4 prime?
False
Suppose -j = 4*o - 3*o - 3017, 6*o - 18102 = j. Is o composite?
True
Let i(p) be the first derivative of p**3/3 + 4*p**2 - 3*p - 4. Suppose -5*j - 2*l + 20 = -7*l, 2*j - 9 = l. Is i(j) a prime number?
False
Let r(y) = -4046*y + 160. Is r(-9) prime?
False
Let g be (-13)/((-78)/120)*1/4. Let i(t) = 0*t**3 + 0 + 6*t - 7*t**2 + 1 + 2*t**3. Is i(g) composite?
True
Suppose 3*i + 5*g - 14497 = 2169, 11117 = 2*i - 3*g. Is i prime?
True
Suppose 7*i = 3*i. Suppose -t + 2*t - 5*h = 23, i = -3*t - h - 11. Is (-661)/t - (-2)/4 composite?
False
Suppose 2*c + 2304 + 735 = 3*g, -4072 = -4*g - 4*c. Let h = 2064 - g. Is h a composite number?
False
Let u(o) be the first derivative of o**4/4 - 10*o**3/3 + 5*o**2 - 7*o - 13. Let y be u(9). Suppose -g = -y*g + 339. Is g a prime number?
False
Let x be (-268)/(-12) - (-2)/3. Suppose -x*s + 182 = -21*s. Is s prime?
False
Let c(a) = a**3 + 17*a**2 + 16*a + 8. Let n be c(-16). Let v(h) = -15 - 3*h**2 - 5*h**3 + 9*h**2 + 4*h**2 + 4*h**3 + 2*h. Is v(n) a prime number?
False
Let d = -179 + 315. Suppose -353 - d = 3*t. Let v = 357 + t. Is v prime?
False
Suppose 2*g - 47594 = -3*a, -2*a - 118947 = -15*g + 10*g. Is g a composite number?
True
Let u(a) = a**3 + a**2 + 1. Let v(x) = -5*x**3 + x**2 - 9*x - 4. Let q(o) = 4*u(o) + v(o). Let i(w) be the second derivative of q(w). Is i(-6) composite?
True
Suppose 2*x = 5*y + 22596, x + y = -1394 + 12699. Is x prime?
False
Let v be 11 + (-4)/(-16) + 1/(-4). Suppose 16*f - 2915 = v*f. Is f a prime number?
False
Suppose 11224 = 8*q - 91264. Is q a composite number?
True
Let q(b) = b + 3378. Let o be q(0). Suppose -16*v + 22*v - o = 0. Is v a composite number?
False
Is 15154 + 6 + -6 + -5 prime?
True
Let q = 39 + -45. Let w(p) = -2*p + 11. Is w(q) a composite number?
False
Let p(q) = q + 1. Let f(w) = 5 - 8 - 39*w - 7. Let t(b) = f(b) + 3*p(b). Is t(-10) prime?
True
Suppose -15852 = -4*y - 4*r, r + 7938 = 2*y - 0*r. Is y prime?
True
Suppose -6943 = -t - 5*h, 2*h - 4137 = -t + 2812. Is t composite?
True
Suppose 5*i = 20, -2*i + 2 = -4*j - 2. Is 794 + 0 + (1 - j - 3) composite?
True
Suppose -5*c + 17*c = 27576. Suppose -17*b + c = -15*b. Is b a composite number?
True
Let q be 0/(6/(-4)*-2). Suppose -4*y + q*y - 5*p = -21, y = 3*p + 1. Suppose -51 + 1703 = y*w. Is w a composite number?
True
Suppose 188 = 6*s - 2*s. Let p(t) = -5*t**2 + t - 2. Let n be p(-2). Let d = n + s. Is d a prime number?
True
Suppose -20*h + 387862 + 270078 = 0. Is h a composite number?
True
Let y(w) = 27*w**2 - 4*w - 11. Let o be (-11)/33 + (-19)/(-3). Let b be y(o). Suppose -182 = -3*r + b. Is r prime?
True
Suppose 7*x = 55294 + 17695. Is x prime?
True
Let a = 603 + -1507. Let g = a + 1746. Suppose -g + 123 = -y. Is y a composite number?
False
Let x be 3/((-6)/(-98))*-2. Let l(m) = -29*m - 52. Let z be l(-7). Let i = z + x. Is i composite?
False
Suppose -2*i = 2*i - 76. Let g(a) = -a - 7. Let m be g(-12). Suppose 2*z + 2*v = 3*z - i, 0 = m*z - 5*v - 70. Is z a prime number?
False
Let k(s) = 6*s**2 - 2*s - 3. Let t(j) = -j + 8. Let a be t(5). Let q be k(a). Suppose -167 = -4*l + q. Is l a composite number?
False
Suppose -6*v + 14*v = 9656. Is v a composite number?
True
Let n = -15271 - -27750. Is n prime?
True
Suppose -3*u = 4*m + 7361, 4*u - 5*m + 9554 = -240. Let h = u + 5702. Is h prime?
True
Suppose 5 = 2*i - 5. Suppose b - 3*s = -s - 26, -i*b + 4*s - 124 = 0. Is 12/b*(1 + -839) prime?
True
Let o(j) = 3621*j - 15. Is o(12) prime?
False
Suppose -2*l = 3*t - 19024 - 51495, 0 = 4*t - l - 94018. Suppose -124*s + t = -121*s. Is s composite?
True
Suppose 216003 = 11*m + 36406. Is m prime?
False
Let h(m) be the first derivative of m**5/30 - m**4/3 + 3*m**3/2 + 2*m**2 - 4. Let l(i) be the second derivative of h(i). Is l(6) a prime number?
False
Let r = 10 + -23. Let p = 12 + r. Let o = p - -16. Is o prime?
False
Suppose -4*o - 32721 = -3*h, h + 2*o = 3*h - 21812. Is 